 the greatest common divisor of 21 and 30?
3
Calculate the highest common factor of 392 and 42.
14
What is the greatest common factor of 964 and 4?
4
What is the highest common factor of 2520 and 792?
72
What is the highest common divisor of 2 and 2?
2
What is the greatest common divisor of 795 and 1095?
15
What is the highest common divisor of 60 and 690?
30
Calculate the highest common factor of 48 and 16584.
24
Calculate the greatest common divisor of 24 and 216.
24
What is the greatest common factor of 530 and 4876?
106
What is the highest common factor of 945 and 135?
135
What is the highest common factor of 806 and 31?
31
What is the greatest common divisor of 868 and 4712?
124
Calculate the highest common factor of 59 and 4661.
59
Calculate the greatest common factor of 1992 and 4233.
249
Calculate the greatest common factor of 108 and 96.
12
What is the greatest common factor of 19258 and 2?
2
What is the greatest common factor of 173 and 4?
1
What is the highest common factor of 693 and 154?
77
What is the highest common divisor of 2996 and 642?
214
Calculate the highest common divisor of 6 and 3918.
6
Calculate the highest common divisor of 140 and 80.
20
Calculate the greatest common factor of 2 and 7.
1
Calculate the highest common divisor of 832 and 384.
64
Calculate the highest common factor of 70 and 9695.
35
Calculate the greatest common factor of 4256 and 196.
28
What is the greatest common divisor of 7769 and 51?
17
What is the highest common factor of 234 and 6903?
117
Calculate the greatest common divisor of 12232 and 176.
88
Calculate the highest common divisor of 1957 and 309.
103
Calculate the highest common divisor of 12882 and 342.
114
Calculate the greatest common divisor of 917 and 524.
131
Calculate the highest common factor of 588 and 48.
12
Calculate the highest common factor of 11 and 34991.
11
What is the highest common factor of 18490 and 10?
10
What is the greatest common factor of 918 and 594?
54
Calculate the greatest common factor of 26 and 1651.
13
Calculate the greatest common divisor of 175 and 175.
175
What is the highest common divisor of 320 and 1360?
80
What is the highest common divisor of 399 and 5453?
133
Calculate the greatest common factor of 1156 and 4.
4
What is the greatest common divisor of 104 and 64376?
104
Calculate the greatest common factor of 306 and 54.
18
What is the highest common factor of 22 and 4378?
22
What is the highest common factor of 33 and 48?
3
Calculate the greatest common divisor of 6 and 405.
3
Calculate the highest common divisor of 1562 and 33.
11
What is the highest common factor of 3133 and 1928?
241
Calculate the greatest common divisor of 16967 and 722.
361
What is the greatest common factor of 48 and 2896?
16
What is the highest common factor of 37 and 3?
1
What is the highest common factor of 42 and 826?
14
What is the greatest common factor of 6670 and 116?
58
What is the highest common factor of 408 and 51?
51
What is the highest common divisor of 3780 and 3220?
140
Calculate the greatest common divisor of 130 and 845.
65
Calculate the highest common factor of 302 and 2.
2
Calculate the highest common divisor of 170 and 34.
34
What is the greatest common divisor of 200 and 60?
20
Calculate the greatest common factor of 32 and 352.
32
Calculate the greatest common factor of 4914 and 18.
18
Calculate the highest common factor of 55 and 1760.
55
Calculate the highest common factor of 5460 and 45.
15
Calculate the greatest common factor of 38 and 551.
19
What is the highest common divisor of 36 and 693?
9
Calculate the highest common divisor of 264 and 165.
33
What is the highest common divisor of 6876 and 36?
36
What is the greatest common divisor of 22 and 77?
11
Calculate the highest common divisor of 220 and 4070.
110
What is the highest common factor of 450 and 20?
10
What is the highest common divisor of 391 and 23?
23
Calculate the greatest common factor of 63 and 315.
63
What is the highest common divisor of 6 and 874?
2
Calculate the greatest common factor of 141 and 34028.
47
Calculate the greatest common factor of 728 and 168.
56
Calculate the highest common divisor of 70 and 140.
70
What is the greatest common divisor of 88 and 55?
11
What is the greatest common factor of 117 and 663?
39
Calculate the greatest common divisor of 1904 and 112.
112
Calculate the highest common factor of 24139 and 717.
239
What is the greatest common factor of 168 and 2296?
56
What is the highest common divisor of 363 and 12?
3
Calculate the highest common factor of 11872 and 98.
14
What is the greatest common divisor of 170 and 7140?
170
Calculate the highest common divisor of 2431 and 7072.
221
Calculate the highest common divisor of 1177 and 2140.
107
What is the greatest common factor of 14120 and 80?
40
What is the highest common divisor of 256 and 560?
16
Calculate the highest common divisor of 11 and 88.
11
What is the greatest common divisor of 2400 and 25?
25
Calculate the highest common divisor of 12 and 96.
12
What is the greatest common factor of 83 and 830?
83
Calculate the highest common divisor of 726 and 6.
6
What is the highest common divisor of 2080 and 5616?
208
Calculate the highest common divisor of 231 and 33.
33
Calculate the highest common divisor of 60 and 280.
20
What is the greatest common divisor of 30 and 42?
6
Calculate the greatest common factor of 1342 and 22.
22
What is the highest common divisor of 288 and 1416?
24
Calculate the highest common divisor of 3700 and 700.
100
Calculate the greatest common factor of 135 and 216.
27
What is the greatest common divisor of 860 and 8?
4
What is the highest common factor of 297 and 693?
99
Calculate the greatest common factor of 231 and 429.
33
What is the highest common divisor of 91 and 14?
7
What is the greatest common factor of 60 and 615?
15
What is the highest common divisor of 1440 and 224?
32
What is the greatest common factor of 2430 and 135?
135
What is the greatest common factor of 10716 and 228?
228
What is the greatest common factor of 546 and 611?
13
Calculate the greatest common factor of 560 and 490.
70
What is the highest common divisor of 6 and 606?
6
What is the highest common factor of 160 and 17200?
80
Calculate the highest common divisor of 950 and 25.
25
Calculate the greatest common divisor of 930 and 2015.
155
Calculate the greatest common factor of 55 and 8965.
55
Calculate the highest common divisor of 66 and 5082.
66
Calculate the highest common divisor of 42 and 532.
14
What is the greatest common divisor of 12 and 36?
12
Calculate the highest common factor of 284 and 38.
2
What is the greatest common factor of 12 and 44?
4
What is the greatest common factor of 27 and 25380?
27
What is the greatest common divisor of 3786 and 60?
6
What is the highest common divisor of 49 and 56?
7
What is the greatest common divisor of 144 and 261?
9
Calculate the greatest common factor of 786 and 18.
6
Calculate the greatest common factor of 588 and 7308.
84
What is the greatest common divisor of 476 and 28?
28
Calculate the highest common factor of 23 and 2369.
23
What is the highest common factor of 432 and 192?
48
What is the greatest common divisor of 92 and 115?
23
What is the highest common factor of 24 and 204?
12
What is the highest common factor of 143 and 26?
13
What is the greatest common factor of 5835 and 30?
15
Calculate the greatest common factor of 410 and 164.
82
What is the highest common factor of 24 and 282?
6
What is the highest common divisor of 2 and 50?
2
Calculate the greatest common divisor of 192 and 48.
48
What is the highest common divisor of 90 and 72720?
90
What is the greatest common divisor of 23 and 9?
1
Calculate the greatest common divisor of 345 and 15.
15
What is the highest common factor of 546 and 462?
42
Calculate the greatest common divisor of 76 and 171.
19
What is the greatest common factor of 201 and 67?
67
What is the greatest common factor of 49 and 8?
1
Calculate the highest common factor of 17700 and 295.
295
Calculate the greatest common factor of 31 and 1891.
31
Calculate the highest common divisor of 303 and 202.
101
Calculate the greatest common divisor of 244 and 671.
61
What is the highest common divisor of 10 and 1070?
10
Cal